. Suppose k = -2*x + f, j*x + x + 2*k = 9. List the prime factors of x.
3
Let y be (-9)/3 + (0 - -17). Suppose 0 = 5*u - 3*o - 81 + 7, 41 = 2*u - 5*o. Suppose -2*r = -r + 2*m - y, -3*r - u = -5*m. List the prime factors of r.
2
Let a be -2 - -1 - 0 - 0. Let l be -10*2*(-4)/20. Let k = a + l. What are the prime factors of k?
3
Suppose 0 = -i + 6*i - 175. Suppose k + 4*k - i = 0. List the prime factors of k.
7
Let n(v) = -v**3 + 8*v**2 - 10*v + 6. Let w(q) = q**3 + 5*q**2 + 4*q. Let g be w(-3). List the prime factors of n(g).
2, 3
Let v(d) = -8*d - 1 + 2*d + 2*d. What are the prime factors of v(-6)?
23
Suppose -3*x + 438 = -3*u, -2*x + 3*u + 282 = 6*u. What are the prime factors of x?
2, 3
Suppose 2*p - 38 = 5*y + 531, p = 2*y + 283. List the prime factors of p.
277
Let v(z) = -z**3 - z**2 + 38. Let g(t) = -t - 6. Let a be g(-6). List the prime factors of v(a).
2, 19
Suppose -2*f - 2 = 3*g - 3, 2*f = -4*g + 4. Suppose -g*d = d. Let l = 6 - d. What are the prime factors of l?
2, 3
Suppose -45*c + 51*c = 534. List the prime factors of c.
89
Let d = 8 + -9. List the prime factors of (-1)/(d - 84/(-87)).
29
Let q(d) = d**3 - 7*d**2 + 6*d - 3. Let k be q(6). Let z(g) = 2*g**2 - 2*g - 3. List the prime factors of z(k).
3, 7
Suppose z + 4*z - 20 = 0. Suppose -5*r + 18 - 1 = h, -z*r + 22 = 5*h. Suppose 26 = r*f - 1. What are the prime factors of f?
3
Let v = 281 + -155. List the prime factors of v.
2, 3, 7
Suppose r + 1 = 0, -3*a = -0*r - 2*r - 11. List the prime factors of a.
3
Let y be 16/6*3 + -1. Suppose -b + 0*q + q + y = 0, -6 = -b + 2*q. List the prime factors of b.
2
Suppose -u - 3*u = -a - 167, 2*a - 212 = -5*u. What are the prime factors of (u/(-12))/((-2)/12)?
3, 7
Let c = -6 - -5. Let o = -11 - c. What are the prime factors of o/(-25) + (-38)/(-5)?
2
Suppose -5 = -i - 1. Suppose 2*c = -i - 0. Let y(v) = v**3 + 2*v**2 - 2*v + 1. What are the prime factors of y(c)?
5
Let t(q) = -q**2 - 8*q + 5. Let f be t(-8). Suppose -3*b + f*m = -5, 4*b + m - 8 - 37 = 0. List the prime factors of b.
2, 5
Let g = 206 - 334. List the prime factors of (g/(-4))/4 - 1.
7
Suppose -4 = c - 26. Suppose s + s = c. List the prime factors of s.
11
Let n(m) = m**3 + m**2 - 3. Let d be n(3). What are the prime factors of d/(-2)*4/(-6)?
11
Let t(u) = -16*u + 40. What are the prime factors of t(-15)?
2, 5, 7
Suppose 7*y + 7*y = 1064. What are the prime factors of y?
2, 19
Let c be 39/15 + 4/10. Suppose -2*a = -2*o - 58, 3*a - 26 = -2*o + 56. Suppose p - a = -4*r, -2*p = -c*r - 4*p + 26. What are the prime factors of r?
2, 3
List the prime factors of (-1)/(2/344)*4/(-4).
2, 43
Let i(g) = -g**3 + 5*g**2 + 9*g - 7. Let d(l) = 2*l**3 - 4*l**2 + 4*l - 2. Let j be d(2). List the prime factors of i(j).
11
List the prime factors of 13662/154 + (-2)/(-7).
89
Suppose 0 = v - 39 + 12. Suppose 3 = -r + v. What are the prime factors of r?
2, 3
Let v be (-1*2)/(12/(-18)). Suppose -l + 71 = 3*p, -2*p - 7 = -3*p + v*l. What are the prime factors of p?
2, 11
Let r = 2 + -2. Suppose -4*m = -r*m - 56. What are the prime factors of m?
2, 7
Suppose -o + 4 = -0*o. Suppose -n = -3*m - 49, -n + 4*n - o*m = 152. List the prime factors of n.
2, 13
Suppose 2*g = 5*u - 0*u - 781, -2*u + 4*g + 306 = 0. What are the prime factors of u?
157
Suppose 3*n - 5*l = 4, -3*n = -4*l + 1 - 6. Let u = n - 3. Suppose -5*o = -5*w - 55, -w + 16 = -u*o + 2*o. List the prime factors of o.
3
Let t = -9 + 58. What are the prime factors of t?
7
Suppose -3*d + 1 + 1 = -2*z, -3*d - 2*z + 10 = 0. What are the prime factors of d - 5/(10/(-24))?
2, 7
Let x(f) = 6*f**2 + f - 1. List the prime factors of x(-2).
3, 7
Let p(n) = 5*n - 2*n + 4 - 2*n. List the prime factors of p(8).
2, 3
Let u(o) = -o**3 - 3*o - 1. Let j be u(-2). Let p(v) = v**2 - 11*v + 17. What are the prime factors of p(j)?
43
Let u(h) = 40*h**2 - 2*h + 1. Let v be u(1). Let z = v + -23. What are the prime factors of z?
2
Let l(f) = -4*f - 2. List the prime factors of l(-2).
2, 3
Suppose 3*u + 6 = 5*u. Let s be 2*u/(12/(-10)). List the prime factors of 3 - (-1)/(-1) - s.
7
Suppose 0 = 2*m - 4 - 10. List the prime factors of m.
7
Let j = 268 + -144. What are the prime factors of j?
2, 31
Let p be (-65)/(-20) - (-9)/12. Suppose 56 = p*j + 3*v, -4*j = -2*v + 13 - 49. List the prime factors of j.
11
List the prime factors of (-1035)/(-12) + 1/(-4).
2, 43
Let w(a) = -3*a + a - 4 - a**3 + 6*a + 6*a**2. What are the prime factors of w(6)?
2, 5
Let s = 8 + -5. Let r be (-3 - -1)/2*-1. Suppose t - s = r. List the prime factors of t.
2
Let p = -72 + 177. List the prime factors of p.
3, 5, 7
Let t = -9 - -7. Suppose 3*w - 3 = 0, 0 = -2*l - w + 2*w + 9. Let u = l + t. What are the prime factors of u?
3
Let s(q) = -3*q**3 + q**2 + q + 1. Let c be s(-1). Suppose -2 + 46 = c*v. Suppose 5*p + 4*r - 18 - 13 = 0, -v = 3*p - 5*r. What are the prime factors of p?
3
What are the prime factors of 2 + 55*7/(105/6)?
2, 3
Suppose 5*b - 29 = -2*h, h + 4*b - 3*b = 10. What are the prime factors of h?
7
Let f(g) = -11*g**2 - 2*g - 1. Let s be f(-1). Let w(i) = 4*i - 2*i - i**2 - 14*i - 14. List the prime factors of w(s).
2, 3
Let r = -5 + 7. Suppose -z = z + 2*n + 6, -6 = -z + 2*n. Suppose -5*s - 4*g + 42 = z, 2*g = r*s - 5 - 1. What are the prime factors of s?
2, 3
Let q(n) be the second derivative of n**3/6 - 5*n**2/2 + n. Let o be q(-5). Let j = 20 + o. List the prime factors of j.
2, 5
What are the prime factors of ((-20)/(-4) - 168)/(1/(-1))?
163
Let t(y) = -y**2 - 8*y. Suppose 6*o = o - 25. What are the prime factors of t(o)?
3, 5
Let i = -17 - -25. List the prime factors of i.
2
Let j(n) = 2*n**2 + 16*n + 25. What are the prime factors of j(-10)?
5, 13
Let h(j) = -1 - 20*j - 5 + 0*j**3 + 8*j**2 - j**3 + 17*j. What are the prime factors of h(7)?
2, 11
Suppose -3*u - 7 - 13 = -5*q, -5*q = 4*u - 20. Suppose -a + 21 = -5*j, -4*a + 2*j + u*j + 138 = 0. List the prime factors of a.
2, 3
Suppose 2*y - 15 = -49. Let h = -7 - y. What are the prime factors of h?
2, 5
Suppose 0 = -y - 1, y = -2*n - y + 116. What are the prime factors of n?
59
Let o = -9 - -9. Suppose o = -5*j + 21 - 61. Let q = 17 + j. List the prime factors of q.
3
Let h = 29 + -14. List the prime factors of h.
3, 5
Suppose 2*r + 3*n = 70 - 3, -n = -3. What are the prime factors of r?
29
What are the prime factors of 2*(84 + 2) - (12 + -15)?
5, 7
Let i(g) = 13*g + 7. Let j(d) = -12*d - 6. Let v(h) = 3*i(h) + 4*j(h). Let a be v(-2). Let o = a - 5. List the prime factors of o.
2, 5
Let n(c) = 4*c - 5. What are the prime factors of n(5)?
3, 5
Let y be -1 + (-4 - -4) + -8. What are the prime factors of (1 - -2)/(y/(-6))?
2
Suppose -6*p + 184 - 28 = 0. What are the prime factors of p?
2, 13
Let h(s) = -2*s + 2 + s - 4 + 3. Suppose 11*q + 24 = 7*q. What are the prime factors of h(q)?
7
Suppose -8*u - 423 = -17*u. What are the prime factors of u?
47
Let a(x) = 2*x - 11. Let q be a(8). Let j(i) = -i - 2. Let c be j(4). Let m = q - c. List the prime factors of m.
11
Let r = 9 + -15. Let i = r - -10. Suppose -2*d + 3*d - i = 0. What are the prime factors of d?
2
Suppose 3*g - 4*w - 3 = -0*g, 0 = -w - 3. Let q = g - -19. What are the prime factors of q?
2
Let l(j) = -j**2 - 7*j + 1. Let d be l(-4). Suppose d*y - 10*y - 57 = 0. List the prime factors of y.
19
Suppose -j + 6 = 2*j, -4*j = 3*c - 11. Let r(k) = -k - c - 2*k - k**2 - k. List the prime factors of r(-3).
2
Suppose 739 = 15*q - 1091. List the prime factors of q.
2, 61
Let m = -9 + 6. Let k = 5 - m. What are the prime factors of k?
2
Suppose 0 = -m - i - 4, 0 = -2*m - i - 1 - 2. Let c be -1 + m/(1/2). List the prime factors of c - 26*(-1)/2.
2, 7
Suppose -2 = t - 1. Let m(r) = 2*r**2 - 2*r - 1. Let p be m(t). Suppose f + p = 15. List the prime factors of f.
2, 3
Suppose 2*j - 1 = 3. Let t = -11 - -23. Suppose j*x - t = 2. List the prime factors of x.
7
Suppose 7*l - 15 = 2*l. What are the prime factors of l?
3
Let o(c) = -2*c**2 + c + 46. Suppose -3*x + 2 = -2*t, -8*t + 4*t - 4 = -4*x. List the prime factors of o(x).
2, 23
Let s = -43 - -90. What are the prime factors of s?
47
Let o be (-3 + (1 - 0))*4. Let u be 2/o + 143/(-4). Let a = -25 - u. List the prime factors of a.
11
Let q(u) = -5*u**3 + 5*u**2 + 4. Let d(f) = 11*f**3 - 9*f**2 - 7. Let k(g) = 4*d(g) + 7*q(g). List